 Give z(-74).
15
Let p(y) = y**3 + 34*y**2 - 75*y - 111. What is p(-36)?
-3
Let c(g) = 7*g**2 - 810*g + 9348. Determine c(13).
1
Let c(q) = 44*q - 267. Give c(6).
-3
Let n(m) = -m**3 + 3*m**2 + 10*m - 19. What is n(5)?
-19
Let n(w) = 13*w**2 - 46*w + 43. Calculate n(2).
3
Let a(m) = m**2 - 1353*m - 52865. What is a(-38)?
-7
Let h(z) = -2*z**3 - 91*z**2 - 932*z - 69. What is h(-30)?
-9
Let i(s) = -13*s**3 - 62*s**2 + 3*s + 1. Calculate i(-5).
61
Let w(k) = -9*k**2 + 33*k - 2. What is w(4)?
-14
Let x(v) = v**2 - v - 196. Determine x(-14).
14
Let u(d) = -d**2 + 23*d + 489. Give u(-13).
21
Let m(x) = -36*x + 1206. Give m(33).
18
Let z(m) = 7*m**2 + 90*m + 20. Calculate z(-9).
-223
Let a(h) = 2*h**3 + 146*h**2 + 1045*h + 40. Calculate a(-8).
0
Let d(g) = -g**2 - 562*g + 8. Calculate d(0).
8
Let v(c) = 2*c**2 + 89*c + 742. What is v(-11)?
5
Let r(y) = -2*y**3 + 7*y**2 + 28*y - 97. Give r(6).
-109
Let x(c) = 82*c - 405. What is x(4)?
-77
Let d(g) = g**2 + 75*g + 1051. Give d(-57).
25
Let y(n) = 144*n**3 - 6*n**2 + 11*n - 8. Give y(1).
141
Let v(u) = 8*u**2 - 220*u + 105. Give v(27).
-3
Let b(v) = v**3 + 15*v**2 - 6*v + 121. Give b(-15).
211
Let d(n) = n**3 + 96*n**2 - 83*n + 1409. What is d(-97)?
51
Let k(x) = x**3 + 28*x**2 + 21*x + 14. Calculate k(-27).
176
Let o(w) = -w**3 + 5*w**2 - 78*w - 84. Give o(-1).
0
Let h(a) = -1849*a - 18487. Give h(-10).
3
Let l(q) = q**3 - 14*q**2 + 50*q - 13. Determine l(6).
-1
Let q(s) = s**3 + 20*s**2 - 44*s - 20. Determine q(-22).
-20
Let l(d) = 4*d**2 - 284*d + 5053. Give l(35).
13
Let k(a) = -42*a - 67. Calculate k(-9).
311
Let z(b) = b**3 - 11*b**2 - 63*b - 9. Give z(15).
-54
Let f(w) = 2*w**3 - 27*w**2 - 51*w + 91. What is f(15)?
1
Let y(u) = -35*u**2 + 7*u + 1. Determine y(4).
-531
Let g(y) = y**3 + 101*y**2 + 72*y - 2819. Calculate g(-100).
-19
Let r(s) = s**3 - 129*s**2 + 260*s - 763. What is r(127)?
-1
Let r(a) = 9*a - 383. What is r(42)?
-5
Let k(r) = -r**3 + 79*r**2 - 4*r + 324. Determine k(79).
8
Let s(r) = 4*r**3 + 20*r**2 - 92*r - 430. Calculate s(-5).
30
Let y(i) = 2*i**3 - 24*i**2 + 45*i - 35. Determine y(11).
218
Let h(k) = -205*k - 1249. Give h(-6).
-19
Let i(s) = -29*s**2 + 30*s - 1. Calculate i(-1).
-60
Let t(b) = b**3 + 69*b**2 - 369*b + 44. Calculate t(-74).
-30
Let r(j) = j**2 - 50*j - 736. Calculate r(-12).
8
Let h(o) = o**3 + 26*o**2 + 169*o + 271. What is h(-17)?
-1
Let l(t) = -3*t - 56. Determine l(10).
-86
Let l(a) = 2646*a + 7886. What is l(-3)?
-52
Let l(f) = f**2 + 6*f - 239. What is l(-23)?
152
Let n(t) = -179*t + 688. Calculate n(4).
-28
Let k(o) = o**3 - 4*o**2 - 2*o - 10. Determine k(6).
50
Let y(d) = 8*d**2 + 6*d + 10. Give y(-4).
114
Let f(d) = 12*d**2 - 9*d + 7. What is f(2)?
37
Let a(u) = u**3 - 37*u**2 + 156*u - 55. Calculate a(32).
-183
Let w(p) = -37*p - 845. Give w(-23).
6
Let t(g) = -63*g**2 + g - 1. Determine t(1).
-63
Let j(w) = -4*w**2 + 37*w + 396. Give j(-6).
30
Let f(r) = -r**3 - 3*r. What is f(-2)?
14
Let c(i) = 300*i + 892. What is c(-3)?
-8
Let g(w) = -11*w + 25. Give g(-1).
36
Let r(v) = -v**3 + 26*v**2 - 148*v - 16. Give r(9).
29
Let a(y) = y**2 - 32*y - 69. Calculate a(-2).
-1
Let k(q) = q**3 - q**2 - 34*q + 69. Give k(5).
-1
Let r(q) = 4*q**3 - 23*q**2 + 9*q + 3. What is r(4)?
-73
Let m(j) = -j**3 + 12*j**2 - 14*j + 10. Determine m(10).
70
Let r(b) = -b**3 + 96*b + 204. What is r(-2)?
20
Let p(w) = 398*w - 23875. Give p(60).
5
Let k(m) = -524*m + 1572. Determine k(3).
0
Let l(q) = -6*q**3 - 7*q**2 + 12*q + 18. Give l(-2).
14
Let z(x) = -206*x - 21635. Calculate z(-105).
-5
Let j(f) = 102*f - 3625. Give j(35).
-55
Let k(v) = -23*v - 1664. Determine k(-60).
-284
Let k(u) = 5*u**2 + 2*u - 10. What is k(4)?
78
Let y(p) = -3*p**3 + p**2 - 5*p - 49. Give y(-3).
56
Let y(c) = 25*c**2 + c - 10. Give y(-2).
88
Let n(g) = g**3 - 26*g**2 - 56*g - 23. Give n(28).
-23
Let m(d) = 2*d**2 - 168*d - 1886. Determine m(-10).
-6
Let b(c) = c**2 + 23*c - 92. Calculate b(-27).
16
Let l(x) = x**2 + 7*x + 18. Give l(0).
18
Let a(u) = u**2 - 12. Calculate a(2).
-8
Let o(p) = -p**3 - 39*p**2 + 81*p - 35. Determine o(-41).
6
Let t(j) = j**3 - 13*j**2 + 28*j + 51. Determine t(13).
415
Let q(u) = -u**3 - 7*u**2 + u - 30. Calculate q(6).
-492
Let x(n) = -3*n**3 + 31*n**2 - 24*n - 55. What is x(9)?
53
Let q(w) = 4*w**2 - 9*w - 909. Give q(-14).
1
Let r(c) = -20*c + 629. Calculate r(26).
109
Let p(i) = -86*i + 656. Determine p(8).
-32
Let r(t) = -t**3 - 135*t**2 - 137*t - 426. Give r(-134).
-24
Let q(i) = -28*i**2 + 17*i - 20. Give q(1).
-31
Let r(f) = 81*f - 1199. Determine r(19).
340
Let k(n) = 6*n - 16. Give k(2).
-4
Let b(n) = -2*n**3 + 5*n + 9. Give b(-2).
15
Let v(s) = -31*s - 747. Give v(-17).
-220
Let x(y) = 3*y**2 + 157*y + 1407. What is x(-41)?
13
Let j(n) = 2*n**2 - 22*n + 55. Determine j(7).
-1
Let q(i) = 2*i**3 - 17*i**2 - 140*i + 1175. Calculate q(9).
-4
Let w(u) = -2*u**3 + 19*u**2 + 9*u + 21. Calculate w(0).
21
Let x(a) = -a**3 + 47*a**2 + 205*a - 33. Determine x(51).
18
Let x(n) = 6515*n**2 - 65149*n - 8. Determine x(10).
2
Let l(s) = 470*s + 3271. Give l(-7).
-19
Let l(m) = -2*m**2 + 107*m + 54. What is l(54)?
0
Let n(d) = d**3 - 17*d**2 + 61*d + 144. What is n(10)?
54
Let p(y) = 3*y**2 + 115*y + 583. Determine p(-33).
55
Let x(p) = -15*p - 174. Give x(-21).
141
Let j(w) = -3*w**2 - 32*w + 24. What is j(-9)?
69
Let v(k) = -343*k + 12351. Determine v(36).
3
Let q(n) = -8*n**2 + 592*n + 1188. Determine q(-2).
-28
Let n(b) = b**2 - 29*b + 36. Calculate n(21).
-132
Let h(k) = k**3 + 55*k**2 - 110*k + 219. Determine h(-57).
-9
Let c(b) = -b**3 - 12*b**2 + 6*b - 49. Give c(-14).
259
Let t(f) = 24*f + 290. Determine t(-13).
-22
Let n(c) = c**3 - 106*c**2 + 599*c + 118. Give n(100).
18
Let g(h) = h**3 + 15*h**2 - 63*h - 159. Determine g(-18).
3
Let t(z) = z**2 - 13*z - 130. Give t(16).
-82
Let i(z) = 24*z - 112. Determine i(9).
104
Let t(o) = -2*o**2 - 137*o - 911. Determine t(-61).
4
Let r(m) = 1966*m + 13788. What is r(-7)?
26
Let d(q) = -q**2 + 51*q - 406. Give d(10).
4
Let h(z) = 2*z**3 + 14*z**2 + 21*z + 67. Determine h(-6).
13
Let s(j) = 796*j - 25463. What is s(32)?
9
Let y(g) = -g**2 - 130*g - 503. Calculate y(-4).
1
Let a(k) = -7723*k + 69502. Give a(9).
-5
Let h(t) = 62*t + 367. Determine h(5).
677
Let m(i) = -i**3 - 4*i**2 + 74*i + 235. Determine m(-9).
-26
Let m(l) = -35*l + 40. Give m(4).
-100
Let u(x) = 105*x**2 + 9*x + 9. Give u(-1).
105
Let q(b) = -b**3 + 10*b + 34. What is q(0)?
34
Let x(k) = -411*k - 7120. What is x(-17)?
-133
Let u(x) = -x**3 + 23*x**2 - 93*x + 561. What is u(20)?
-99
Let d(k) = 7*k**3 + 46*k**2 + 15*k - 20. Calculate d(-6).
34
Let k(l) = -89*l + 5423. Determine k(61).
-6
Let y(q) = -q**2 + 475*q + 475. What is y(-1)?
-1
Let t(q) = -2*q**3 - 142*q**2 - 132*q + 561. What is t(-70)?
1
Let a(x) = 6295*x - 6292. Give a(1).
3
Let q(n) = -8*n - 295. Determine q(-45).
65
Let t(o) = 4*o**2 + 27*o + 75. What is t(-3)?
30
Let c(n) = 3*n**2 + 56*n + 97. Give c(-16).
-31
Let p(z) = z**2 - 10*z - 131. What is p(23)?
168
Let b(s) = -28*s - 550. Determine b(-19).
-18
Let k(a) = -52*a + 1475. Give k(27).
71
Let z(q) = 109*q - 9543. Give z(86).
-169
Let l(d) = -12*d**3 - 51*d**2 - 14*d - 64. What is l(-4)?
-56
Let h(v) = -2*v**2 + 31*v + 582. What is h(-11)?
-1
Let s(u) = u**3 - 8*u**2 + 14*u - 11. Calculate s(6).
1
Let s(q) = -5*q**2 - 70*q - 244. What is s(-6)?
-4
Let v(c) = 3*c**3 + 140*c**2 + 620*c - 23. Calculate v(-5).
2
Let q(k) = k**3 - k**2 + 11*k + 20. Give q(6).
266
Let v(w) = -2*w**3 - 22*w**2 + 14*w - 172. Determine v(-12).
-52
Let o(y) = 4*y**3 - 92*y**2 - 88*y - 25. Calculate o(24).
167
Let r(h) = 2*h**3 + 2*h**2 + 22*h. Give r(-4).
-184
Let d(a) = -a**2 + 138*a - 1002. Calculate d(8).
38
Let n(y) = y**3 + 31*y**2 - 329*y - 275. What is n(9)?
4
Let n(s) = 70*s + 20660. Give n(-295).
10
Let b(m) = -m**3 + 14*m**2 + 41*m. What is b(16)?
144
Let w(s) = -s**2 - 304*s + 30. What is w(0)?
30
Let f(q) = -q**2 - 48*q + 208. Give f(7).
-177
Let f(l) = 6*l**3 + 14*l**2 - 44*l - 103. What is f(-3)?
-7
Let p(h) = h**2 + 83*h + 845. Calculate p(-71).
-7
Let t(f) = -923*f - 6462. Give t(-7).
-1
Let q(s) = 30*s**2 + 898*s - 48. Give q(-30).
12
Let t(v) = 18*v - 594. Determine t(9).
-432
Let w(d) = 12441*d - 111978. Calculate w(9).
-9
Let a(q) = q**2 - 170*q 